[INFO] cloning repository https://github.com/Admicos/thatcord
[INFO] running `Command { std: "git" "-c" "credential.helper=" "-c" "credential.helper=/workspace/cargo-home/bin/git-credential-null" "clone" "--bare" "https://github.com/Admicos/thatcord" "/workspace/cache/git-repos/https%3A%2F%2Fgithub.com%2FAdmicos%2Fthatcord", kill_on_drop: false }`
[INFO] [stderr] Cloning into bare repository '/workspace/cache/git-repos/https%3A%2F%2Fgithub.com%2FAdmicos%2Fthatcord'...
[INFO] running `Command { std: "git" "rev-parse" "HEAD", kill_on_drop: false }`
[INFO] [stdout] 62cd0de38d8cdbec065c827c9a9e0d3d91783ae2
[INFO] checking Admicos/thatcord against master#af3c6e733a40e671550e0f0f5aeecaa13772ba56 for pr-74989
[INFO] running `Command { std: "git" "clone" "/workspace/cache/git-repos/https%3A%2F%2Fgithub.com%2FAdmicos%2Fthatcord" "/workspace/builds/worker-1/source", kill_on_drop: false }`
[INFO] [stderr] Cloning into '/workspace/builds/worker-1/source'...
[INFO] [stderr] done.
[INFO] validating manifest of git repo https://github.com/Admicos/thatcord on toolchain af3c6e733a40e671550e0f0f5aeecaa13772ba56
[INFO] running `Command { std: "/workspace/cargo-home/bin/cargo" "+af3c6e733a40e671550e0f0f5aeecaa13772ba56" "read-manifest" "--manifest-path" "Cargo.toml", kill_on_drop: false }`
[INFO] started tweaking git repo https://github.com/Admicos/thatcord
[INFO] finished tweaking git repo https://github.com/Admicos/thatcord
[INFO] tweaked toml for git repo https://github.com/Admicos/thatcord written to /workspace/builds/worker-1/source/Cargo.toml
[INFO] crate git repo https://github.com/Admicos/thatcord already has a lockfile, it will not be regenerated
[INFO] running `Command { std: "/workspace/cargo-home/bin/cargo" "+af3c6e733a40e671550e0f0f5aeecaa13772ba56" "fetch" "--locked" "--manifest-path" "Cargo.toml", kill_on_drop: false }`
[INFO] running `Command { std: "docker" "create" "-v" "/var/lib/crater-agent-workspace/builds/worker-1/target:/opt/rustwide/target:rw,Z" "-v" "/var/lib/crater-agent-workspace/builds/worker-1/source:/opt/rustwide/workdir:ro,Z" "-v" "/var/lib/crater-agent-workspace/cargo-home:/opt/rustwide/cargo-home:ro,Z" "-v" "/var/lib/crater-agent-workspace/rustup-home:/opt/rustwide/rustup-home:ro,Z" "-e" "SOURCE_DIR=/opt/rustwide/workdir" "-e" "CARGO_TARGET_DIR=/opt/rustwide/target" "-e" "CARGO_HOME=/opt/rustwide/cargo-home" "-e" "RUSTUP_HOME=/opt/rustwide/rustup-home" "-w" "/opt/rustwide/workdir" "-m" "1610612736" "--user" "0:0" "--network" "none" "rustops/crates-build-env@sha256:d92eaeed33fa75130ca1ee6c8a01d1ffb62bac859dfdfb3450e3e5d1c0146529" "/opt/rustwide/cargo-home/bin/cargo" "+af3c6e733a40e671550e0f0f5aeecaa13772ba56" "metadata" "--no-deps" "--format-version=1", kill_on_drop: false }`
[INFO] [stdout] 3fc54df1fb3add7df0679f7bc3becb98d0e0da15e21e9079c8234b0270626eac
[INFO] [stderr] WARNING: Your kernel does not support swap limit capabilities or the cgroup is not mounted. Memory limited without swap.
[INFO] running `Command { std: "docker" "start" "-a" "3fc54df1fb3add7df0679f7bc3becb98d0e0da15e21e9079c8234b0270626eac", kill_on_drop: false }`
[INFO] running `Command { std: "docker" "inspect" "3fc54df1fb3add7df0679f7bc3becb98d0e0da15e21e9079c8234b0270626eac", kill_on_drop: false }`
[INFO] running `Command { std: "docker" "rm" "-f" "3fc54df1fb3add7df0679f7bc3becb98d0e0da15e21e9079c8234b0270626eac", kill_on_drop: false }`
[INFO] [stdout] 3fc54df1fb3add7df0679f7bc3becb98d0e0da15e21e9079c8234b0270626eac
[INFO] running `Command { std: "docker" "create" "-v" "/var/lib/crater-agent-workspace/builds/worker-1/target:/opt/rustwide/target:rw,Z" "-v" "/var/lib/crater-agent-workspace/builds/worker-1/source:/opt/rustwide/workdir:ro,Z" "-v" "/var/lib/crater-agent-workspace/cargo-home:/opt/rustwide/cargo-home:ro,Z" "-v" "/var/lib/crater-agent-workspace/rustup-home:/opt/rustwide/rustup-home:ro,Z" "-e" "SOURCE_DIR=/opt/rustwide/workdir" "-e" "CARGO_TARGET_DIR=/opt/rustwide/target" "-e" "CARGO_INCREMENTAL=0" "-e" "RUST_BACKTRACE=full" "-e" "RUSTFLAGS=--cap-lints=forbid" "-e" "CARGO_HOME=/opt/rustwide/cargo-home" "-e" "RUSTUP_HOME=/opt/rustwide/rustup-home" "-w" "/opt/rustwide/workdir" "-m" "1610612736" "--user" "0:0" "--network" "none" "rustops/crates-build-env@sha256:d92eaeed33fa75130ca1ee6c8a01d1ffb62bac859dfdfb3450e3e5d1c0146529" "/opt/rustwide/cargo-home/bin/cargo" "+af3c6e733a40e671550e0f0f5aeecaa13772ba56" "check" "--frozen" "--all" "--all-targets" "--message-format=json", kill_on_drop: false }`
[INFO] [stdout] bd7006219afd6de361f6878725c94c39bf94116acdb96fd68c659679c90e7502
[INFO] [stderr] WARNING: Your kernel does not support swap limit capabilities or the cgroup is not mounted. Memory limited without swap.
[INFO] running `Command { std: "docker" "start" "-a" "bd7006219afd6de361f6878725c94c39bf94116acdb96fd68c659679c90e7502", kill_on_drop: false }`
[INFO] [stderr]     Blocking waiting for file lock on package cache
[INFO] [stderr]    Compiling cc v1.0.48
[INFO] [stderr]    Compiling syn v1.0.11
[INFO] [stderr]    Compiling memchr v2.2.1
[INFO] [stderr]    Compiling log v0.4.8
[INFO] [stderr]    Compiling byteorder v1.3.2
[INFO] [stderr]     Checking futures-core v0.3.1
[INFO] [stderr]    Compiling version_check v0.9.1
[INFO] [stderr]     Checking futures-sink v0.3.1
[INFO] [stderr]    Compiling getrandom v0.1.13
[INFO] [stderr]     Checking futures-sink-preview v0.3.0-alpha.19
[INFO] [stderr]     Checking futures-core-preview v0.3.0-alpha.19
[INFO] [stderr]     Checking futures-io-preview v0.3.0-alpha.19
[INFO] [stderr]     Checking arc-swap v0.4.4
[INFO] [stderr]     Checking smallvec v1.1.0
[INFO] [stderr]    Compiling openssl v0.10.26
[INFO] [stderr]     Checking pin-project-lite v0.1.1
[INFO] [stderr]     Checking foreign-types-shared v0.1.1
[INFO] [stderr]    Compiling serde v1.0.104
[INFO] [stderr]     Checking bytes v0.5.3
[INFO] [stderr]    Compiling curl v0.4.25
[INFO] [stderr]     Checking futures-io v0.3.1
[INFO] [stderr]    Compiling native-tls v0.2.3
[INFO] [stderr]     Checking futures-task v0.3.1
[INFO] [stderr]    Compiling isahc v0.7.6
[INFO] [stderr]     Checking base64 v0.11.0
[INFO] [stderr]     Checking mime v0.3.14
[INFO] [stderr]     Checking sha1 v0.6.0
[INFO] [stderr]     Checking dtoa v0.4.4
[INFO] [stderr]     Checking regex-syntax v0.6.12
[INFO] [stderr]     Checking quick-error v1.2.2
[INFO] [stderr]     Checking termcolor v1.0.5
[INFO] [stderr]     Checking crossbeam-utils v0.6.6
[INFO] [stderr]     Checking thread_local v0.3.6
[INFO] [stderr]     Checking unicode-normalization v0.1.11
[INFO] [stderr]     Checking futures-channel v0.3.1
[INFO] [stderr]     Checking foreign-types v0.3.2
[INFO] [stderr]     Checking futures-channel-preview v0.3.0-alpha.19
[INFO] [stderr]     Checking humantime v1.3.0
[INFO] [stderr]     Checking iovec v0.1.4
[INFO] [stderr]     Checking num_cpus v1.11.1
[INFO] [stderr]     Checking net2 v0.2.33
[INFO] [stderr]     Checking signal-hook-registry v1.2.0
[INFO] [stderr]     Checking socket2 v0.3.11
[INFO] [stderr]     Checking atty v0.2.13
[INFO] [stderr]    Compiling unicase v2.6.0
[INFO] [stderr]     Checking crossbeam-channel v0.3.9
[INFO] [stderr]     Checking sluice v0.4.2
[INFO] [stderr]     Checking rand_core v0.5.1
[INFO] [stderr]     Checking aho-corasick v0.7.6
[INFO] [stderr]     Checking mio v0.6.21
[INFO] [stderr]     Checking rand_chacha v0.2.1
[INFO] [stderr]     Checking bytes v0.4.12
[INFO] [stderr]    Compiling openssl-sys v0.9.53
[INFO] [stderr]    Compiling libnghttp2-sys v0.1.2
[INFO] [stderr]    Compiling libz-sys v1.0.25
[INFO] [stderr]    Compiling curl-sys v0.4.24
[INFO] [stderr]     Checking rand v0.7.2
[INFO] [stderr]    Compiling mime_guess v2.0.1
[INFO] [stderr]     Checking idna v0.2.0
[INFO] [stderr]     Checking tokio-io v0.1.12
[INFO] [stderr]     Checking http v0.1.21
[INFO] [stderr]     Checking mio-uds v0.6.7
[INFO] [stderr]     Checking futures-util-preview v0.3.0-alpha.19
[INFO] [stderr]     Checking url v2.1.0
[INFO] [stderr]     Checking regex v1.3.1
[INFO] [stderr]     Checking env_logger v0.7.1
[INFO] [stderr]     Checking futures-executor-preview v0.3.0-alpha.19
[INFO] [stderr]     Checking futures-preview v0.3.0-alpha.19
[INFO] [stderr]    Compiling proc-macro-hack v0.5.11
[INFO] [stderr]    Compiling tokio-macros v0.2.1
[INFO] [stderr]    Compiling serde_derive v1.0.104
[INFO] [stderr]    Compiling async-trait v0.1.22
[INFO] [stderr]    Compiling serde_repr v0.1.5
[INFO] [stderr]     Checking tokio v0.2.6
[INFO] [stderr]    Compiling futures-macro v0.3.1
[INFO] [stderr]    Compiling paste-impl v0.1.6
[INFO] [stderr]     Checking paste v0.1.6
[INFO] [stderr]     Checking futures-util v0.3.1
[INFO] [stderr]     Checking tokio-util v0.2.0
[INFO] [stderr]     Checking tokio-tls v0.3.0
[INFO] [stderr]     Checking websocket-codec v0.2.2
[INFO] [stderr]     Checking futures-executor v0.3.1
[INFO] [stderr]     Checking futures v0.3.1
[INFO] [stderr]     Checking websocket-lite v0.3.2
[INFO] [stderr]     Checking serde_json v1.0.44
[INFO] [stderr]     Checking serde_urlencoded v0.6.1
[INFO] [stderr]     Checking surf v1.0.3
[INFO] [stderr]     Checking thatcord v0.1.0 (/opt/rustwide/workdir)
[INFO] [stdout] warning: unused import: `super::channel::*`
[INFO] [stdout]  --> src/api/tests.rs:1:5
[INFO] [stdout]   |
[INFO] [stdout] 1 | use super::channel::*;
[INFO] [stdout]   |     ^^^^^^^^^^^^^^^^^
[INFO] [stdout]   |
[INFO] [stdout]   = note: `#[warn(unused_imports)]` on by default
[INFO] [stdout] 
[INFO] [stdout] 
[INFO] [stdout] warning: unused import: `super::user::*`
[INFO] [stdout]  --> src/api/tests.rs:4:5
[INFO] [stdout]   |
[INFO] [stdout] 4 | use super::user::*;
[INFO] [stdout]   |     ^^^^^^^^^^^^^^
[INFO] [stdout] 
[INFO] [stdout] 
[INFO] [stdout] error[E0308]: mismatched types
[INFO] [stdout]   --> src/api/tests.rs:28:26
[INFO] [stdout]    |
[INFO] [stdout] 28 |             permissions: 66321471,
[INFO] [stdout]    |                          ^^^^^^^^ expected struct `permissions::Permissions`, found integer
[INFO] [stdout] 
[INFO] [stdout] 
[INFO] [stdout] error[E0308]: mismatched types
[INFO] [stdout]   --> src/api/tests.rs:82:20
[INFO] [stdout]    |
[INFO] [stdout] 82 |             roles: vec![],
[INFO] [stdout]    |                    ^^^^^^ expected enum `std::option::Option`, found struct `Vec`
[INFO] [stdout]    |
[INFO] [stdout]    = note: expected enum `std::option::Option<Vec<guild::Role>>`
[INFO] [stdout]             found struct `Vec<_>`
[INFO] [stdout]    = note: this error originates in a macro (in Nightly builds, run with -Z macro-backtrace for more info)
[INFO] [stdout] 
[INFO] [stdout] 
[INFO] [stdout] error[E0308]: mismatched types
[INFO] [stdout]   --> src/api/tests.rs:83:21
[INFO] [stdout]    |
[INFO] [stdout] 83 |             emojis: vec![],
[INFO] [stdout]    |                     ^^^^^^ expected enum `std::option::Option`, found struct `Vec`
[INFO] [stdout]    |
[INFO] [stdout]    = note: expected enum `std::option::Option<Vec<Emoji>>`
[INFO] [stdout]             found struct `Vec<_>`
[INFO] [stdout]    = note: this error originates in a macro (in Nightly builds, run with -Z macro-backtrace for more info)
[INFO] [stdout] 
[INFO] [stdout] 
[INFO] [stdout] error: aborting due to 3 previous errors; 2 warnings emitted
[INFO] [stdout] 
[INFO] [stdout] 
[INFO] [stdout] For more information about this error, try `rustc --explain E0308`.
[INFO] [stdout] 
[INFO] [stderr] error: could not compile `thatcord`.
[INFO] [stderr] 
[INFO] [stderr] To learn more, run the command again with --verbose.
[INFO] [stderr] warning: build failed, waiting for other jobs to finish...
[INFO] [stderr] error: build failed
[INFO] running `Command { std: "docker" "inspect" "bd7006219afd6de361f6878725c94c39bf94116acdb96fd68c659679c90e7502", kill_on_drop: false }`
[INFO] running `Command { std: "docker" "rm" "-f" "bd7006219afd6de361f6878725c94c39bf94116acdb96fd68c659679c90e7502", kill_on_drop: false }`
[INFO] [stdout] bd7006219afd6de361f6878725c94c39bf94116acdb96fd68c659679c90e7502
